) a composite number?
False
Let b(x) = 1946*x**2 - 84*x + 9. Is b(5) a prime number?
True
Is ((-753)/6)/(52/(-24) + 2) composite?
True
Suppose 11*x = -4514 + 26778. Let s = 3642 - x. Is s prime?
False
Let q = -167 - -164. Is (-12)/(-18) - 3343/q a prime number?
False
Let h = 4 + 1. Suppose -3*k + 23 = h*q, 0*k - 5*k - 20 = 0. Is (-2)/q - (-2727)/63 prime?
True
Suppose -2*k - 2*v + 20 = 0, -2*k + 4*v - 47 = -7*k. Let n be ((-94)/(-4))/((-2)/(-4)). Is 2*n*k/14 composite?
False
Let t(f) = -64*f + 20. Let j be t(-9). Suppose 2*b + j = 4*b. Is b composite?
True
Suppose 1214 = 3*x - 334. Let z = -496 + 231. Let p = x + z. Is p a composite number?
False
Let i(h) = -7*h - 2*h**2 + 4*h**2 - 10 + h**2 + h. Is i(7) a composite number?
True
Suppose -f + 40 = 3*f. Suppose 2*r + f = 0, 0 = 4*b - 3*r + 4*r - 1791. Is b a composite number?
False
Suppose -19873 + 4681 = -6*f. Suppose 0 = n - f - 2153. Is n a prime number?
False
Let f = -8111 - -32428. Is f composite?
False
Suppose 22232 = -2*p + 6*p. Let q = p + -2694. Suppose 0 = 4*n + 652 - q. Is n prime?
False
Suppose -3 = -5*w + 12. Suppose 12*b - 22*b = -4940. Suppose b = 5*s - w*s. Is s a composite number?
True
Suppose 4*b - 2*h - 9636 = 2358, b - 3003 = -4*h. Is b prime?
True
Suppose -465 = -5*c - i - 95, -4*i = c - 74. Let u = c - -345. Is u a composite number?
False
Let d(a) = 2*a**2 + 2*a + 1237. Let f be d(0). Suppose -f + 39 = -2*w. Is w a composite number?
False
Let q(z) = 6*z + 13. Let k be q(-6). Let b = k + 33. Let w(n) = 4*n - 18. Is w(b) a prime number?
False
Let a be 2/(-11) + 54457/(-143). Let g = a - -575. Is g prime?
False
Let p(h) = -6*h - 1. Let i(l) = 7*l + 1. Let c(x) = -4*i(x) - 6*p(x). Let w be c(-10). Is w/3*(-1 + 0) a prime number?
False
Suppose 4*o = g + 8, -3*g + 5*o - 16 = 36. Is (g/(-36))/((-22952)/11478 + 2) a composite number?
False
Let j = 22690 - 9399. Is j a prime number?
True
Let b = 141 + -93. Suppose -7*m + b + 113 = 0. Is m prime?
True
Suppose -4*z = 3*o - 88929, 6*z = 10*z - 4*o - 88936. Is z a composite number?
True
Let o(h) = h**3 - 8*h**2 - 5*h + 19. Let v be o(9). Let s(u) = 3 + 10*u + 1 + v*u - 1. Is s(4) a prime number?
True
Suppose 4*h - 4*s - 7 - 17 = 0, -3*s + 30 = 3*h. Let o = -8 + h. Suppose o*u = 5*u - 445. Is u a prime number?
True
Let d(m) = -m**3 - 5*m**2 + 7*m + 9. Let i be d(-6). Suppose 0 = o - i - 2. Let n = o + 8. Is n a composite number?
False
Suppose 37 = -4*g - 3. Let u be (350 + g)*(-4)/(-5). Let x = u + -61. Is x a prime number?
True
Let q = 131 + -91. Is (-747)/(-5) - 16/q composite?
False
Let b(l) = 259*l**2 - 7*l - 5. Let q be b(6). Let k = -5414 + q. Is k composite?
False
Is (-5 - 42/(-9))*3*-3649 a prime number?
False
Suppose 0 = 2*x - x - 3. Let m be (1 - 2) + -3 + x. Is ((-536)/16)/(m/2) a prime number?
True
Suppose m = -4*o + 29, 2*m - m - 5 = 0. Is 15252/(7 - 3)*2/o prime?
False
Let s be (2/(-7))/(22/154). Is s/10 + (-6955)/(-25) a prime number?
False
Let d = -15 - -14. Is (1*69*d)/(-1) a composite number?
True
Suppose -5*z + 1164 + 200 = 2*c, 0 = -c - 3*z + 683. Is c composite?
False
Suppose -396591 + 3365951 = 80*y. Is y composite?
False
Suppose 5*f + 44*v - 47*v = 204647, 4*f = -v + 163704. Is f composite?
False
Is 36/12*(1465/3)/5 composite?
False
Suppose 0 = -2*i - 5*a + 153, -4*i = 2*a - a - 315. Let s = 132 - i. Is s prime?
True
Let q(o) = -5*o - 55*o - 66*o - 9 - 28*o. Is q(-2) a composite number?
True
Let m(c) = -326*c. Let x be m(-2). Suppose 4*b + x = 5*b. Suppose 4*n = -0*n + b. Is n prime?
True
Suppose -72*q - 1931339 = -5171843. Is q a composite number?
False
Let a(y) = -11*y**3 + 2*y**2 + 11*y - 7. Is a(-5) a composite number?
True
Suppose 2*r - 3*r = v - 4327, -3*r = -4*v - 12981. Is r prime?
True
Is 15/(-3) + 10 + 1887 + -1 composite?
True
Let s be (48/(-1 + -2))/(-1). Let p(z) = -410*z**2 - 3*z**3 - 10*z + 7 - z + 2*z**3 + 427*z**2. Is p(s) a prime number?
False
Let k be (-4)/(-3)*2/((-8)/(-4098)). Is ((-2)/(-2) + (-3)/6)*k prime?
True
Let d(j) = j + 18. Let x be d(-15). Suppose 213 = -x*w - 453. Is (52/12)/((-2)/w) composite?
True
Let g be (-30)/(-8) + (-2)/(-8). Let z(d) = 2*d**3 - d**2 + 5*d - 4. Let o be z(g). Is 3*1 - (4 - o) composite?
False
Let s be (4 - -1)*1 + -18 + 41. Suppose 6 = 5*p - 319. Let c = p - s. Is c a composite number?
False
Let v = -2157 + 7196. Is v a composite number?
False
Let t(o) = o**2 - 8*o - 15. Let r be t(9). Let z be ((-9)/r)/((-9)/(-30)). Suppose 0 = 2*w - 4*a - 1246, -3*a + z*a = -4*w + 2532. Is w a composite number?
False
Let d(o) = 139*o + 316. Is d(33) composite?
False
Let u(y) = -y**3 - 5*y**2 + 7*y + 9. Let q be u(-6). Let z(j) = j - 1. Let p be z(q). Suppose -5*i - p*m - 2*m + 645 = 0, m + 138 = i. Is i composite?
True
Let b be (-8412)/(-30) + 14/(-35). Suppose w - 1029 = -2*m, 4*m + 0*m - 3083 = -3*w. Suppose 5*f = -b + w. Is f a composite number?
False
Suppose 37*p - 38629 = 108964. Is p a composite number?
False
Is ((-25182)/(-72))/(3/12) a prime number?
True
Suppose -104*q = -110*q + 140214. Is q composite?
False
Is 2/(-10)*(89 - 375894) a composite number?
False
Let r be 4 - (3 - -1 - 6). Let m(i) = -i - 6 + 1 - r*i**3 + i**2 - 4*i**3 + 9*i**3. Is m(-4) a composite number?
False
Suppose 5*p + 0*p - 21 = -b, -14 = -3*p - 2*b. Suppose p*m + 1121 = 3*f, f - 4*f = 2*m - 1109. Is f prime?
False
Suppose -g - 54 = 5*t, 3*t - 4*g = 7*t + 56. Let m = t - -19. Suppose 2 + m = r. Is r composite?
False
Let m = -48792 - -68525. Is m composite?
True
Suppose -5*p + p = -2*d + 44946, -d + 22477 = -4*p. Is d prime?
True
Suppose 146000 = 2*d - 2*o, 3*o - 8*o = 15. Is d composite?
False
Suppose -5*s + 32191 = -293004. Is s prime?
False
Let d(v) = v - 1. Let a be d(-8). Let j(q) = 6*q**2 - 11*q + 2. Is j(a) composite?
False
Suppose -3*k - 4*c + 3674 = 0, 1753 + 698 = 2*k + c. Suppose -8*a + 6*a + k = 0. Is a a composite number?
False
Let v be (-9)/6*(-8)/6. Suppose 0*p = -v*p + 448. Let f = -13 + p. Is f composite?
False
Let c = 107 + -102. Suppose -13289 = -c*p - r, -p + 3*p - r - 5310 = 0. Is p composite?
False
Suppose 98 = -2*h - 1666. Let j = h + 1761. Is j prime?
False
Let x(z) = 5*z**3 - z**2 + 14*z + 3. Is x(5) a composite number?
False
Suppose 5*j - 884 - 4881 = 0. Let m = -452 + j. Is m composite?
False
Let n(b) = -2*b**2 - 4*b + b**2 + 4 + b. Let m be n(-4). Suppose m = 8*y - 10*y + 178. Is y a composite number?
False
Suppose 0 = -0*g - 4*g - 2*k + 10, -g - 3*k + 5 = 0. Suppose 2*f = 0, -4*y - 240 + 692 = -g*f. Is y composite?
False
Suppose 10 = -4*x + 2, -u - 4*x + 2145 = 0. Is u a composite number?
False
Suppose -4*o + 10 = -38. Suppose 7*p = o*p - 20. Suppose -5*g = -p*b + 1448, 1511 = 4*b - 2*g + 51. Is b a prime number?
True
Suppose 2*g - 159 = 3*g. Let v be g/(-12) - 1/4. Is 1029/13 - 2/v a prime number?
True
Let q(b) be the second derivative of 893*b**3/6 - b**2 - b. Let i be q(7). Is i/19 - 10/(-95) a composite number?
True
Let a = 21169 + -12246. Is a a prime number?
True
Let c = -8 - -16. Let i(s) = -3 - s + 3*s + c - 8*s. Is i(-5) prime?
False
Let o = -568 + 1328. Let x = o - -1105. Is x a prime number?
False
Let k = -19 - -20. Is -124*k*(-2 - (-21)/12) a composite number?
False
Is (-10788)/(-2) - (-3 + -4) a prime number?
False
Suppose 24 = s + 16. Let n(v) = 159*v - 19. Is n(s) composite?
True
Let g(i) = -2*i - 3. Let d be g(-6). Let q(a) = -202*a + 12. Let v be q(d). Is 1/(-2 - v/902) composite?
True
Suppose 5582 = -65*z + 63*z. Let k = 3962 + z. Is k a composite number?
False
Let h be ((-16)/12)/((-4)/42). Suppose -10*z - 2756 = -h*z. Is z prime?
False
Let x = -11414 + 16017. Suppose 0 = 7*w - x - 6604. Is w a prime number?
True
Suppose 5*t + 9 + 1 = 0. Let l be (20/(2 - t))/1. Suppose l*k - 224 - 87 = -3*b, -2*k = -8. Is b prime?
True
Let h = 1436 + 91. Is h composite?
True
Let n be ((-8)/18)/(-2) - (-732)/108. Suppose 5205 = n*z - 2*z. Is z prime?
False
Let d(j) be the first derivative of 5*j**2/2 - 18*j - 32. Is d(15) a prime number?
False
Let z = -11 + 15. Is 3 - 18204/(-27) - z/18 a prime number?
True
Suppose -5*r = 2*g + 2*g - 40, -30 = -3*g - 4*r. Let s = -10 + g. Is s/(-4) + (48 - -1) a composite number?
True
Let z(f) = f**3 - 23*f**2 - 58*f + 1. Suppose -35 = 8*r - 243. Is z(r) a composite number?
False
Let o(h) = 26*h**2 - 5*h + 10. Is o(-7) a prime n